 of 1198569?
False
Does 693 divide 8103249?
True
Is 49 a factor of 63994?
True
Does 44 divide 3854136?
True
Is 13 a factor of 17605016?
True
Is 141569 a multiple of 12?
False
Is 1963469 a multiple of 548?
False
Does 6 divide 4430963?
False
Does 84 divide 14785176?
True
Is 1186 a factor of 1068586?
True
Does 5 divide 251310?
True
Does 5 divide 55565?
True
Does 6 divide 5586888?
True
Is 27930 a multiple of 15?
True
Does 478 divide 4248861?
False
Is 36 a factor of 494046?
False
Is 101 a factor of 11157975?
True
Is 39 a factor of 5439?
False
Does 444 divide 90450?
False
Does 70 divide 57885?
False
Is 5 a factor of 1791477?
False
Is 11 a factor of 1510399?
True
Does 19 divide 1232688?
False
Does 97 divide 2056400?
True
Is 526244 a multiple of 74?
False
Does 7 divide 296065?
True
Is 337733 a multiple of 11?
True
Does 6 divide 112980?
True
Is 2171 a factor of 21225867?
True
Is 11 a factor of 360458?
False
Is 283740 a multiple of 6?
True
Does 108 divide 176472?
True
Does 74 divide 279974?
False
Is 123877 a multiple of 13?
True
Does 32 divide 2821939?
False
Does 326 divide 11763384?
True
Does 3 divide 12501?
True
Is 5822439 a multiple of 18?
False
Is 149967 a multiple of 19?
True
Does 37 divide 1484440?
True
Is 1860608 a multiple of 32?
True
Is 5649482 a multiple of 166?
False
Does 133 divide 2897601?
False
Is 27 a factor of 92936?
False
Is 85504 a multiple of 80?
False
Is 242 a factor of 48874?
False
Does 26 divide 1089218?
True
Is 36 a factor of 75149?
False
Is 4154365 a multiple of 165?
False
Does 207 divide 1503648?
True
Is 249492 a multiple of 204?
True
Does 13 divide 572689?
True
Is 310 a factor of 5867370?
True
Is 9 a factor of 34206?
False
Does 96 divide 630912?
True
Is 33 a factor of 259288?
False
Is 18262 a multiple of 187?
False
Is 25260573 a multiple of 39?
True
Does 14 divide 261417?
False
Is 72 a factor of 513808?
False
Is 852982 a multiple of 16?
False
Is 179 a factor of 2348508?
False
Is 1302 a factor of 25232730?
False
Does 17 divide 291584?
True
Is 49610 a multiple of 10?
True
Is 5675772 a multiple of 15?
False
Is 246399 a multiple of 807?
False
Does 30 divide 7232059?
False
Is 1159200 a multiple of 80?
True
Is 440793 a multiple of 201?
True
Is 11 a factor of 303875?
True
Does 66 divide 1261986?
True
Does 69 divide 139449?
True
Does 17 divide 571639?
False
Does 20 divide 4408660?
True
Is 66 a factor of 50333?
False
Is 3512334 a multiple of 347?
True
Is 210 a factor of 129780?
True
Is 677114 a multiple of 166?
True
Does 96 divide 843840?
True
Is 420546 a multiple of 38?
True
Is 2614330 a multiple of 34?
False
Is 10380012 a multiple of 385?
False
Is 70 a factor of 144480?
True
Is 16 a factor of 93472?
True
Is 4 a factor of 67980?
True
Is 65 a factor of 260428?
False
Is 399 a factor of 630608?
False
Is 63843 a multiple of 28?
False
Is 18 a factor of 77526?
True
Is 70 a factor of 240994?
False
Does 24 divide 35160?
True
Is 6 a factor of 314286?
True
Is 13 a factor of 589907?
False
Is 10 a factor of 1273286?
False
Is 151 a factor of 197111?
False
Does 91 divide 265595?
False
Is 10 a factor of 2582161?
False
Does 27 divide 250961?
False
Is 137 a factor of 318388?
True
Is 1080450 a multiple of 50?
True
Is 410624 a multiple of 9?
False
Does 128 divide 9901399?
False
Is 25 a factor of 1129425?
True
Is 11 a factor of 603262?
True
Is 21 a factor of 6017290?
False
Is 71 a factor of 334978?
True
Is 5200946 a multiple of 287?
False
Is 215728 a multiple of 97?
True
Is 3762666 a multiple of 27?
True
Is 536282 a multiple of 9?
False
Is 1107980 a multiple of 10?
True
Is 924 a factor of 1458996?
True
Is 390348 a multiple of 21?
True
Does 19 divide 1961693?
True
Is 5 a factor of 17000?
True
Is 114 a factor of 244940?
False
Is 177 a factor of 624986?
False
Is 2606441 a multiple of 78?
False
Is 13 a factor of 89492?
True
Is 307 a factor of 50655?
True
Is 11 a factor of 259466?
False
Does 30 divide 266730?
True
Does 154 divide 2019864?
True
Does 21 divide 290408?
False
Is 524104 a multiple of 392?
True
Is 15 a factor of 17751130?
False
Is 5326677 a multiple of 219?
False
Is 146 a factor of 1104490?
True
Is 32906 a multiple of 128?
False
Is 5040 a multiple of 7?
True
Is 2981688 a multiple of 566?
True
Is 2269104 a multiple of 41?
True
Is 535 a factor of 14711965?
True
Does 147 divide 73462?
False
Does 191 divide 1919530?
False
Is 73 a factor of 3430051?
True
Is 28 a factor of 2668792?
True
Is 11 a factor of 38577?
True
Is 658682 a multiple of 34?
True
Is 998311 a multiple of 2?
False
Is 530 a factor of 312700?
True
Does 1310 divide 3772800?
True
Is 75 a factor of 247822?
False
Is 92 a factor of 41492?
True
Does 663 divide 8229702?
False
Is 584442 a multiple of 77?
False
Is 446444 a multiple of 4?
True
Is 199507 a multiple of 37?
False
Is 427404 a multiple of 12?
True
Does 14 divide 943530?
True
Is 410193 a multiple of 383?
True
Is 112 a factor of 233859?
False
Is 10837260 a multiple of 36?
True
Is 131 a factor of 6716488?
False
Is 310406 a multiple of 273?
False
Is 7874014 a multiple of 620?
False
Does 56 divide 17426?
False
Is 2120796 a multiple of 9?
True
Is 212 a factor of 472336?
True
Is 5387772 a multiple of 12?
True
Is 1535202 a multiple of 34?
True
Is 219818 a multiple of 529?
False
Does 821 divide 1504829?
False
Is 105 a factor of 107415?
True
Does 372 divide 6927012?
True
Does 316 divide 34726?
False
Does 116 divide 323699?
False
Is 640 a factor of 795919?
False
Is 240372 a multiple of 132?
True
Is 170 a factor of 5611036?
False
Is 404928 a multiple of 32?
True
Is 217 a factor of 191394?
True
Is 237 a factor of 17638126?
False
Is 37 a factor of 214635?
False
Is 1240687 a multiple of 216?
False
Does 70 divide 45150?
True
Is 19 a factor of 132259?
True
Is 242139 a multiple of 10?
False
Does 44 divide 275396?
True
Is 28 a factor of 8175524?
True
Is 10 a factor of 3009945?
False
Does 16 divide 6950999?
False
Does 261 divide 1274180?
False
Is 776 a factor of 6270148?
False
Is 381 a factor of 746379?
True
Is 188636 a multiple of 5?
False
Does 25 divide 391825?
True
Does 21 divide 5504835?
True
Does 14 divide 164108?
True
Is 5309196 a multiple of 57?
False
Is 2640 a multiple of 264?
True
Is 26 a factor of 280826?
True
Does 46 divide 26496?
True
Is 42 a factor of 85050?
True
Does 16 divide 114136?
False
Is 427 a factor of 845460?
True
Does 20 divide 80180?
True
Is 1181 a factor of 431147?
False
Is 10 a factor of 531953?
False
Is 1108 a factor of 1033764?
True
Does 35 divide 15610?
True
Does 14 divide 3888696?
True
Is 555 a factor of 444426?
False
Is 6 a factor of 31440?
True
Is 281 a factor of 6733041?
True
Is 384287 a multiple of 15?
False
Is 41291 a multiple of 263?
True
Is 51 a factor of 14653626?
True
Is 15 a factor of 677717?
False
Does 611 divide 10810423?
True
Does 16 divide 3308126?
False
Is 5 a factor of 74732?
False
Is 825730 a multiple of 10?
True
Is 15225 a multiple of 29?
True
Is 85 a factor of 445619?
False
Is 155 a factor of 101422?
False
Is 2958214 a multiple of 46?
True
Does 44 divide 201608?
True
Does 33 divide 246798?
False
Does 486 divide 14573196?
True
Is 76 a factor of 910419?
False
Is 128283 a multiple of 5?
False
Is 7228774 a multiple of 14?
True
Is 21 a factor of 502614?
True
Is 439 a factor of 2769651?
True
Is 398 a factor of 618094?
True
Does 30 divide 1321346?
False
Does 339 divide 30849?
True
Is 79572 a multiple of 5?
False
Does 45 divide 109157?
False
Is 19 a factor of 2804379?
False
Is 566005 a multiple of 205?
True
Is 328205 a multiple of 51?
False
Is 12066473 a multiple of 752?
False
Is 1064813 a multiple of 72?
False
Does 137 divide 2168847?
True
Is 28 a factor of 240548?
True
Is 145 a factor of 322847?
False
Does 509 divide 2634902?
False
Does 22 divide 32660?
False
Does 110 divide 9638310?
True
Is 479 a factor of 1283720?
True
Is 29 a factor of 9876?
False
Is 18 a factor of 192708?
True
Is 29 a factor of 2192524?
False
Is 9 a factor of 144228?
False
Does 104 divide 22656?
False
Is 104 a factor of 700336?
True
Does 14 divide 126939?
False
Is 474 a factor of 2372474?
False
Does 106 divide 1120950?
True
Does 19 divide 4190583?
True
Is 378 a factor of 1375542?
True
Is 795 a factor of 515160?
True
Is 1520 a factor of 22116000?
True
Does 46 divide 205068?
True
Is 15951 a multiple of 39?
True
Does 39 divide 83196?
False
Is 